 composite?
True
Is 281419511 a composite number?
True
Is 5669887 a prime number?
False
Is 332087 a prime number?
False
Is 8411969 a composite number?
False
Is 3012157 a composite number?
True
Is 60074239 a composite number?
False
Is 27167591 a composite number?
True
Is 17878369 prime?
True
Is 21978205 a composite number?
True
Is 29259947 a composite number?
False
Is 31704643 a composite number?
True
Is 447562 a prime number?
False
Is 17655893 prime?
True
Is 3933091 composite?
False
Is 728993 a prime number?
True
Is 407636277 a prime number?
False
Is 26946926 composite?
True
Is 585785513 composite?
False
Is 30925171 composite?
False
Is 30778493 composite?
True
Is 225432173 composite?
False
Is 250919 a composite number?
False
Is 102454153 a prime number?
True
Is 9628433 composite?
False
Is 6562817 prime?
False
Is 37487521 composite?
True
Is 176528483 prime?
False
Is 11945807 composite?
False
Is 32850473 prime?
True
Is 1005121 a prime number?
False
Is 63727099 a prime number?
False
Is 2782847 prime?
True
Is 71708927 composite?
False
Is 65783429 composite?
False
Is 349939 a composite number?
False
Is 178621961 a prime number?
False
Is 3385673 prime?
False
Is 28018085 prime?
False
Is 3457313 prime?
False
Is 49021541 a composite number?
False
Is 4133869 composite?
False
Is 738822017 prime?
True
Is 5925779 a prime number?
False
Is 2497955 prime?
False
Is 45455617 a prime number?
False
Is 5982541 composite?
True
Is 3321501 composite?
True
Is 8612679 prime?
False
Is 222154087 a prime number?
True
Is 665341 a composite number?
True
Is 1589869 a composite number?
True
Is 321799 a composite number?
False
Is 2992201 prime?
True
Is 9880807 a prime number?
False
Is 1041644443 a composite number?
True
Is 6617057 a prime number?
True
Is 11173853 a composite number?
True
Is 13163323 prime?
True
Is 4910383 composite?
True
Is 11651935 composite?
True
Is 108656261 composite?
True
Is 229998677 a composite number?
False
Is 1169989 a prime number?
False
Is 156529493 a composite number?
False
Is 8746037 a composite number?
False
Is 137327 composite?
True
Is 57077299 prime?
True
Is 9274861 composite?
False
Is 3853307 a prime number?
False
Is 130419449 a composite number?
True
Is 70790833 composite?
False
Is 170697941 a composite number?
False
Is 345331811 composite?
True
Is 264229 prime?
False
Is 576355721 composite?
False
Is 14565287 prime?
False
Is 2954789 a prime number?
True
Is 166981 a prime number?
False
Is 2531687 a prime number?
True
Is 78170393 prime?
False
Is 28617411 a prime number?
False
Is 265867837 a composite number?
False
Is 145591873 a prime number?
False
Is 393959 composite?
True
Is 11585881 a prime number?
True
Is 13946461 a composite number?
False
Is 2627291 composite?
False
Is 21106331 a prime number?
True
Is 8956757 prime?
True
Is 141550547 prime?
True
Is 70110707 composite?
False
Is 112065799 a prime number?
False
Is 1595621 composite?
True
Is 24564179 a composite number?
False
Is 21702479 composite?
False
Is 7350599 a composite number?
True
Is 41351659 composite?
False
Is 1789391 composite?
False
Is 22818049 a composite number?
False
Is 10826791 a composite number?
False
Is 213619 a composite number?
True
Is 10596437 a prime number?
True
Is 190713687 prime?
False
Is 5501159 prime?
True
Is 10459583 a prime number?
True
Is 100575989 a composite number?
True
Is 2296049 prime?
False
Is 739723 composite?
False
Is 136079137 a composite number?
False
Is 50123153 a prime number?
False
Is 20134397 prime?
False
Is 322139 composite?
False
Is 177187951 a prime number?
True
Is 37304854 a composite number?
True
Is 10633807 a prime number?
False
Is 120181 a prime number?
True
Is 16188803 a composite number?
True
Is 20204477 a composite number?
False
Is 3200489 composite?
True
Is 2226131 composite?
False
Is 2513471 composite?
True
Is 118990127 a composite number?
False
Is 12337733 prime?
False
Is 59614769 a prime number?
True
Is 4511141 a prime number?
True
Is 352988921 composite?
False
Is 35344487 a prime number?
True
Is 426149 composite?
True
Is 68207 composite?
False
Is 428355899 a composite number?
True
Is 20306887 composite?
False
Is 6785221 a prime number?
False
Is 34981439 prime?
False
Is 43714043 a composite number?
False
Is 111457627 a prime number?
False
Is 51894541 a composite number?
False
Is 31796803 a prime number?
True
Is 150359483 a composite number?
True
Is 680831 a composite number?
False
Is 14609009 prime?
False
Is 291311101 a prime number?
False
Is 350346341 prime?
True
Is 83435743 a prime number?
False
Is 13093 composite?
False
Is 105296479 a prime number?
False
Is 12305149 prime?
True
Is 105929801 a prime number?
True
Is 9746257 a composite number?
False
Is 10880321 prime?
True
Is 12761171 a composite number?
False
Is 108132485 composite?
True
Is 69389003 a composite number?
True
Is 3457459 composite?
True
Is 24914 a prime number?
False
Is 4343113 prime?
False
Is 23914283 a composite number?
True
Is 74107853 a prime number?
False
Is 8445803 a prime number?
False
Is 71956847 a composite number?
True
Is 80863143 a prime number?
False
Is 392808257 a prime number?
True
Is 1474567 a prime number?
False
Is 41515111 a composite number?
True
Is 9896531 a prime number?
False
Is 154169251 composite?
True
Is 25128107 a prime number?
False
Is 902029 a composite number?
False
Is 2953399 a composite number?
False
Is 95189635 prime?
False
Is 19146229 composite?
True
Is 1819991 composite?
True
Is 426058991 a prime number?
True
Is 50000891 a prime number?
False
Is 5477081 a prime number?
True
Is 5661791 composite?
True
Is 2507821 composite?
False
Is 41662181 composite?
True
Is 5368739 composite?
False
Is 7312681 composite?
False
Is 3290921 prime?
False
Is 6516161 prime?
True
Is 20776687 composite?
True
Is 8480798 a composite number?
True
Is 56054561 a prime number?
True
Is 5301007 a composite number?
True
Is 907997 a composite number?
False
Is 18788939 a prime number?
False
Is 5089971 a composite number?
True
Is 19440887 a prime number?
True
Is 39304379 a prime number?
True
Is 604267 a composite number?
True
Is 271716247 composite?
True
Is 109004171 composite?
False
Is 3594979 composite?
True
Is 75449518 prime?
False
Is 2515067 a composite number?
False
Is 14916737 a prime number?
False
Is 525697 prime?
True
Is 99449977 a composite number?
True
Is 381532681 a prime number?
True
Is 128085933 a composite number?
True
Is 336823 a prime number?
True
Is 344972519 a composite number?
False
Is 69714599 a composite number?
False
Is 23061343 prime?
False
Is 20460917 a prime number?
True
Is 5704319 a composite number?
False
Is 3210437 a composite number?
True
Is 21347863 prime?
True
Is 777901 composite?
False
Is 34295179 composite?
False
Is 312701 composite?
False
Is 648911 composite?
False
Is 40516529 composite?
False
Is 1479881 composite?
True
Is 11043787 composite?
False
Is 72062831 prime?
True
Is 1265206183 a composite number?
False
Is 9662479 composite?
False
Is 50885405 a composite number?
True
Is 83391389 a composite number?
False
Is 59549119 a composite number?
True
Is 11168629 a prime number?
True
Is 70375079 a prime number?
True
Is 341151758 a composite number?
True
Is 1342295 composite?
True
Is 30230939 prime?
False
Is 8982619 prime?
True
Is 127217 prime?
True
Is 6397826 prime?
False
Is 137117 a prime number?
True
Is 50384813 composite?
True
Is 738993545 prime?
False
Is 21560027 prime?
True
Is 126301 prime?
False
Is 8316089 prime?
True
Is 3342050189 prime?
True
Is 113698709 prime?
False
Is 24955171 a composite number?
True
Is 110739985 a composite number?
True
Is 227130454 prime?
False
Is 316473 a composite number?
True
Is 2631841 prime?
False
Is 1745197 a prime number?
True
Is 1109439641 a composite number?
False
Is 25846399 a composite number?
False
Is 1978267 composite?
False
Is 26933857 prime?
False
Is 5656549 a prime number?
True
Is 141983 prime?
False
Is 47216821 a prime number?
True
Is 26616397 composite?
True
Is 218066423 a prime number?
False
Is 240659 composite?
False
Is 13271711 prime?
True
Is 73819419 composite?
True
Is 210305 a composite number?
True
Is 2046799 a composite number?
False
Is 41495758 a composite number?
True
Is 18310807 prime?
True
Is 2516653 prime?
False
Is 944275843 a composite number?
True
Is 9563059 a prime number?
Fa